 -7 - (-2 + 0))
-1
Evaluate 5 + (-5 - (8 - -1)).
-9
Evaluate (3 - (8 + -1) - -6) + -11.
-9
Evaluate 6 - ((2 - 3) + -4 + 8).
3
What is (0 - -2) + (2 - 5)?
-1
What is (22 + -6 - 7) + -13?
-4
What is -1 - -10 - 10 - 3?
-4
Calculate -3 + 11 + -7 + -3 + 0.
-2
-6 + 2 + -1 + 33 + -29
-1
What is (-8 - -11 - 6) + -2 + -3?
-8
What is (-4 - 12) + 6 - -6?
-4
What is the value of 1 + 11 + 4 + -7?
9
What is the value of 2 + -4 + 1 + -3 + 0?
-4
Calculate 8 - (3 - (-3 + (2 - 2))).
2
3 + (-2 - 2) + 2 - 1
0
What is the value of (8 - (-6 + 7)) + -3?
4
2 + (-4 - 2) + -1
-5
Evaluate 16 - 13 - (-1 - -8).
-4
Calculate 3 + -2 + 4 - 1.
4
What is 2 + (3 - 10) + -1 + 4?
-2
Evaluate 7 - (22 + -9) - -9.
3
Calculate (0 - -7) + -6 - (0 - -1).
0
What is the value of 3 + (11 + -5 - 5 - -4)?
8
Evaluate -8 + -1 + 0 - (17 - 21).
-5
What is 2 - (-7 - -10 - (4 + 0))?
3
What is 2 + -1 + 0 - (-13 - -14)?
0
Evaluate 0 + (-4 - (-9 - -3)) + 4.
6
Calculate 8 + -16 + 0 + 0.
-8
What is -4 - (10 + -17 - -1)?
2
Calculate (-8 - (-7 - (-7 - -6))) + 1.
-1
What is the value of 9 - (4 + 4 + 0 - 4)?
5
What is 0 - (3 - (-4 + 8 + 4))?
5
35 - 28 - (8 - 3 - 1)
3
What is -19 + 19 - (8 - 3 - 3)?
-2
-12 + 17 - (-2 - (-5 + -1))
1
What is (4 - 1) + (-2 - (1 + 4))?
-4
Calculate 5 + (-3 - -4) + 4 + -6.
4
-48 - -54 - (-1 + -2 + 1)
8
What is (3 - -2) + 4 + -12?
-3
What is (3 + 1 - 3) + (-4 - -2)?
-1
Calculate (-3 + 3 - 2) + -2.
-4
(0 - (-7 - 2 - -4)) + -10
-5
What is -1 + 9 - (6 - 3)?
5
What is 0 + 22 + -10 + -20?
-8
55 + -60 - (-1 + 1)
-5
What is the value of 1 - -1 - (-5 - 7 - -17)?
-3
What is the value of 0 + 0 + 1 - 4?
-3
What is (9 - 0 - (6 + 0)) + -6?
-3
(-11 - -2) + (3 - -4) - -4
2
(4 - (4 + -4)) + -4
0
Evaluate -6 - (-25 + 11 + 1).
7
Calculate -1 + (2 - -6) - (-54 + 57).
4
-2 + (-14 - -13 - (0 + 0))
-3
1 + 4 + (-6 - -8 - 9)
-2
Evaluate 16 - -3 - 24 - (-4 + -1).
0
(-35 - -36) + (-1 - (1 - 0))
-1
(-2 - -7) + (1 - -2) + -8
0
Calculate -35 + 30 + (1 - 0) - 0.
-4
Evaluate 5 + -2 - (13 + -6).
-4
What is the value of (-3 - 0) + (8 - (5 + 4))?
-4
Evaluate -8 - (-2 - ((-6 - 1) + 6)).
-7
Evaluate (-10 + -1 - -19) + -11.
-3
Calculate -6 + 9 + 0 + -6 - -7.
4
Evaluate 2 + (-3 - 9 - -5).
-5
Evaluate (-1 - (2 + -1)) + 3 + 0.
1
Calculate 16 + -5 - 12 - 1.
-2
What is the value of (-1 - 2) + 1 + 5?
3
Evaluate (6 - 9 - -3) + -6.
-6
What is the value of -1 - (2 + (-14 - -1) - -3)?
7
Calculate 6 - (-2 + 4) - (-17 - -27).
-6
-4 + 0 - (-4 + (1 - 1))
0
Evaluate 9 - (17 - 9) - (1 + -2).
2
What is -6 + 14 + -1 + -3?
4
What is the value of -11 + 15 - (8 + -2)?
-2
What is -6 + (9 - -7) + -7?
3
Evaluate 75 + -72 + -3 + (2 - 3).
-1
11 - (6 - (-3 + 5))
7
What is the value of (-2 - (-1 - -2)) + 7?
4
What is the value of -8 - -5 - -13 - 1?
9
What is the value of 9 + 1 + -9 + 5 + -6?
0
Calculate -2 + 0 + (-13 - -7).
-8
What is -17 + 17 - (-2 - -3 - 2)?
1
Calculate 8 + (-10 - -5) + (-16 - -7).
-6
What is -4 - (2 - (13 - 8)) - 7?
-8
Evaluate 2 + (-27 - -22 - (-6 + 1)).
2
What is the value of -2 + (-2 + -1 - -1)?
-4
Calculate 0 + (2 + -2 - (4 - 1)).
-3
Calculate -1 - -1 - ((1 - 3) + 0).
2
What is -9 + 20 + -2 + -8?
1
Calculate 1 + 0 - (2 + -1).
0
What is (-1 - -2) + (-16 - -15)?
0
Calculate 7 + 0 + -7 + 2.
2
Evaluate (56 - 63) + (0 + 1 - 2).
-8
What is the value of 120 - 121 - (1 - 9)?
7
-1 + (4 - 8) + 3
-2
-15 - -14 - (1 - (-2 - 0))
-4
Calculate (19 - 7 - 6) + -8.
-2
Calculate -6 + 1 + 1 + -1 + 9.
4
Evaluate (-1 - 1) + 0 + (2 - 6).
-6
What is 3 + 3 + -7 + 8?
7
3 - 7 - (-3 - 1)
0
-6 + 2 + (15 - (15 + -6))
2
-24 + 9 + 8 + 3
-4
-6 + -5 + 19 + -5
3
What is 0 - 5 - (-41 + 23 - -14)?
-1
What is the value of -3 - ((14 - 11) + (-5 - -1))?
-2
Calculate -1 - (0 + -8) - (-10 + 8).
9
Evaluate -80 - -83 - (-3 + -1).
7
Evaluate -2 - ((-1 - (-1 + 0)) + -4).
2
What is the value of 0 + 2 - (15 + -6 - 8)?
1
What is the value of -8 + -5 + 1 + 7?
-5
Evaluate (8 - 4) + -2 + 0.
2
-2 + 3 - (-7 - -8)
0
Calculate 10 + -10 + 4 - (5 - -1).
-2
10 + (-6 - (-5 - -4))
5
-5 + (2 - -2) - (-9 + 4)
4
Evaluate (10 - -21 - 10) + -12.
9
What is the value of -3 + -2 + 3 + -1 - -4?
1
Calculate (0 - 0) + -27 + 31.
4
Calculate 6 + -1 - (-6 + 14).
-3
What is 0 + 4 - 1 - (-11 + 11)?
3
Evaluate -1 + (-7 - -8) - 0.
0
Evaluate -4 + (4 - 0 - -3).
3
Evaluate (13 + -7 - 7) + 7.
6
What is -8 - (-4 + -3 + 2)?
-3
What is -4 + -1 - (-4 - (2 - 6))?
-5
What is 4 - (5 - (0 + -6 - -11))?
4
What is the value of 5 + -7 + 12 + -5 + -3?
2
6 + -12 + 16 + -11
-1
Evaluate 6 + (0 - (4 + (-4 - -7))).
-1
What is 2 + -3 + -3 + 10?
6
What is the value of -4 + 4 + (-11 - -6)?
-5
What is the value of 6 - (2 + -4 + 4 + 1)?
3
Calculate -1 + -1 + (-2 + -4 - -3).
-5
What is -3 + (-9 + 13 - -1)?
2
Calculate 3 + (-6 - 4) - -4 - -7.
4
(4 - (-5 - -5)) + 1
5
What is -8 + -1 - (-53 + 39)?
5
What is -1 - (3 - 4) - 0?
0
What is 6 + (-1 - 5 - (5 + -8))?
3
What is 12 - 0 - (32 + -20)?
0
Evaluate 5 - (3 + 2) - 5 - -7.
2
Evaluate -4 - -4 - (-2 - -1).
1
Evaluate -1 + (-4 - (7 - 4 - 2)).
-6
Evaluate (0 - -11) + 2 + -9.
4
What is -7 - ((-4 - -12) + -13) - 5?
-7
What is 2 + -2 - (-15 - -12)?
3
Evaluate 1 + -3 - ((-4 - -1) + -1).
2
What is the value of -6 + 3 + 12 + -4?
5
Calculate -5 - (0 + 4 + -4).
-5
What is the value of 4 - (-1 + 0 + 0)?
5
(-3 - (-1 + 1)) + (7 - 6)
-2
What is the value of -14 + 25 + -23 + 1?
-11
Evaluate -3 - (-5 + -4 - (-8 + 4)).
2
What is 1 + 0 - (3 - 4)?
2
1 - 7 - (2 - 8 - -3)
-3
What is the value of -8 - -17 - (-1 - -5)?
5
Calculate (0 - -2) + (8 - 13).
-3
Evaluate -7 + 17 + -3 + (2 - 2).
7
-4 - (0 - (-5 + 4))
-5
What is the value of -3 - 1 - (-11 + 6)?
1
(-4 - -7 - 2) + -1
0
Calculate (0 - 1) + (3 - (0 + 2)).
0
Evaluate -2 - -1 - -2 - (-31 - -29).
3
What is 31 - 22 - (0 + 4)?
5
Calculate -2 + 10 + -2 + 6 + -5.
7
Calculate (-12 + 9 - (-1 + 0)) + -5.
-7
What is -5 + 3 + 9 - 4?
3
Evaluate -5 - ((4 - -5 - 3) + -20).
9
Evaluate -14 - ((3 - 11) + -1).
-5
Calculate -2 - 0 - (-2 + -3 + 1).
2
What is -2 + 5 + (18 - (15 + 1))?
5
Calculate -1 + 9 + (10 + -14 - 11).
-7
What is the value of (2 + -2 - 4) + 2?
-2
Calculate 6 - -2 - (-3 + 4) - 3.
4
Calculate -3 + -1 - (-3 - -3 - 2).
-2
451 + -450 - (0 + (1 - -5))
-5
What is the value of (-2 - (-4 + 2) - -6) + -1?
5
-5 + ((6 - 10) + 7 - -4)
2
Evaluate (-1 - 2) + 6 + 1.
4
2 - (13 + -11 + -5 + -1)
6
Evaluate -2 + 1 + 3 + 5 + -4.
3
Evaluate -1 - (5 - 6 - (1 + -1)).
0
What is (0 - (-2 - (2 - 1))) + 0?
3
-2 + ((-1 - -4) + -1 - 0)
0
15 - 10 - (0 + 9)
-4
Calculate 2 + 0 - (-6 + 9 + -1).
0
0 - -1 - (27 - 24)
-2
What is -8 - -17 - (3 + -6 + 1)?
11
(-8 - 2) + (2 - -1)
-7
Evaluate -5 + (4 - 9 - -9).
-1
What is -5 + (-4 - -4) - -10?
5
Evaluate 1 + 6 + -3 + -2.
2
Calculate 24 + (14 + -28 - 0).
10
What is the value of -44 + 45 + (0 - (0 - -2))?
-1
What is (-2 - 2) + -2 + 2 + 1?
-3
(0 - 1) + (1 - (-2 + 4))
-2
Evaluate (-1 + 1 - 4) + (8 - 8).
-4
What is the value of -7 + 3 + 1 + 0 + -1?
-4
(14 - 3 - 7) + -7
-3
Calculate (48 - 49) + (0 - (0 - -1)).
-2
Calculate 1 - -2 - (25 - 16).
-6
What is the value of 2 + 11 - (23 + -15)?
5
5 - (2 - -2) - (0 - 0)
1
Evaluate -5 + 0 + (-4 - -8).
-1
Evaluate (-4 - 2) + 4 - 3.
-5
What is the value of 17 + -7 + 4 + -13?
1
Evaluate (1 - 5) + (-8 - -8).
-4
What is 5 + -13 - (-6 - -3)?
-5
What is the value of -11 - (8 - (-10 - -19))?
-10
What is 6 + -16 - -9 - (1 + -1)?
-1
What is 1 + (-6 - (5 + -9))?
-1
Calculate 3 + (3 + -8 - (9 - 10)).
-1
What is the value of -3 - (-2 + -13) - (1 - -3)?
8
What is the value of 9 + 0 - (-5 - -7)?
7
103 - 104 - (-1 + -5)
5
-2 - (2 - 0) - (-1 + 0)
-3
Calculate (1 - -5) + (-6 - -1) + -7.
-6
Calculate (-2 - 3) + (8 - 7).
-4
What is the value of 1 - (0 + 3 + -5)?
3
What is -1 - (1 + -1 + -3)?
2
Evaluate 1 + 3 + (-16 - -16 - -1).
5
What is (12 - (-3 - -13)) + 1?
3
What is -4 + (6 - 7) + -1 - 1?
-7
What is the value of 7 + (3 - 3) + -6?
1
3 - 6 - (0 - (6 + -7))
-4
Evaluate -3 + 4 + -2 + 2.
1
What is -33 + 33 - (-2 + 0)?
2
What is the value of (-20 - -1 - -10) + 14?
5
Calculate 6 + -9 - 14 - -9.
-8
What is 4 - (-6 + 5 + 0)?
5
What is -5 + 9 + (0 - 0)?
4
6 - (7 + -9 + -2 + 15)
-5
Calculate -1 + (0 - 0) + 5.
4
Evaluate 2 + -2 + (-13 - -8).
-5
Calculate 0 + -1 + (-4 - -8).
3
Calculate -3 + 2 + (3 - 2).
0
18 + -8 + 0 + -5
5
What is (16 - (-11 - -17)) + -18?
-8
Calculate (3 - (-8 - -4)) + -7 + 2.
2
Calculate 12 + -2 + -10 + 1 + 6.